 prime factors of 16043?
61, 263
What are the prime factors of 1688834?
2, 7, 19, 907
List the prime factors of 551998.
2, 275999
List the prime factors of 259735.
5, 7, 41, 181
List the prime factors of 229342.
2, 114671
List the prime factors of 33780.
2, 3, 5, 563
List the prime factors of 646921.
11, 23, 2557
What are the prime factors of 14424660?
2, 3, 5, 127, 631
List the prime factors of 230310.
2, 3, 5, 853
What are the prime factors of 365004?
2, 3, 10139
List the prime factors of 633013.
633013
What are the prime factors of 433674?
2, 3, 2677
What are the prime factors of 80104?
2, 17, 19, 31
What are the prime factors of 64966?
2, 11, 2953
List the prime factors of 8093014.
2, 4046507
What are the prime factors of 588831?
3, 196277
List the prime factors of 129608.
2, 17, 953
List the prime factors of 12762380.
2, 5, 47, 13577
List the prime factors of 93901.
93901
What are the prime factors of 290533?
290533
What are the prime factors of 383804?
2, 229, 419
What are the prime factors of 61580?
2, 5, 3079
What are the prime factors of 364801?
364801
What are the prime factors of 845875?
5, 67, 101
List the prime factors of 16989653.
163, 104231
List the prime factors of 6041514.
2, 3, 41, 599
List the prime factors of 106856.
2, 19, 37
List the prime factors of 13520343.
3, 19, 23, 10313
What are the prime factors of 1516028?
2, 379007
What are the prime factors of 633871?
7, 83, 1091
What are the prime factors of 16369604?
2, 4092401
What are the prime factors of 402428?
2, 13, 71, 109
List the prime factors of 890113.
7, 101, 1259
List the prime factors of 632702.
2, 7, 43, 1051
List the prime factors of 62006.
2, 7, 43, 103
What are the prime factors of 221208?
2, 3, 13, 709
List the prime factors of 34803153.
3, 7, 11, 50221
What are the prime factors of 627607?
569, 1103
What are the prime factors of 10085773?
1627, 6199
List the prime factors of 700379.
29, 24151
What are the prime factors of 1288658?
2, 7, 83, 1109
What are the prime factors of 4641063?
3, 7, 61, 3623
What are the prime factors of 155987?
13, 71
What are the prime factors of 5337133?
17, 313949
List the prime factors of 3328772.
2, 139, 5987
What are the prime factors of 10175128?
2, 541, 2351
List the prime factors of 366584.
2, 45823
What are the prime factors of 286012?
2, 71503
What are the prime factors of 4205774?
2, 2102887
What are the prime factors of 9901825?
5, 43, 61, 151
List the prime factors of 242072.
2, 30259
List the prime factors of 4677190.
2, 5, 7, 109, 613
List the prime factors of 2107391.
11, 13, 14737
List the prime factors of 1365133.
7, 11, 17729
List the prime factors of 111558.
2, 3, 18593
What are the prime factors of 2553917?
2553917
List the prime factors of 5241331.
5241331
List the prime factors of 96866.
2, 7, 11, 17, 37
What are the prime factors of 13200871?
43, 433, 709
List the prime factors of 4113104.
2, 257069
List the prime factors of 3291305.
5, 658261
List the prime factors of 565154.
2, 282577
What are the prime factors of 2559907?
7, 89, 587
List the prime factors of 112610.
2, 5, 11261
List the prime factors of 891088.
2, 11, 61, 83
List the prime factors of 356606.
2, 37, 61, 79
List the prime factors of 748664.
2, 7, 29, 461
List the prime factors of 3763980.
2, 3, 5, 11, 1901
List the prime factors of 1626335.
5, 37, 59, 149
What are the prime factors of 660375?
3, 5, 587
What are the prime factors of 13542955?
5, 103, 26297
What are the prime factors of 27909862?
2, 461, 30271
List the prime factors of 148205.
5, 29641
What are the prime factors of 8988164?
2, 53, 42397
List the prime factors of 494158.
2, 7, 47, 751
What are the prime factors of 10825450?
2, 5, 216509
What are the prime factors of 999147?
3, 333049
What are the prime factors of 33748539?
3, 11, 1022683
List the prime factors of 154352.
2, 11, 877
What are the prime factors of 622069?
7, 88867
What are the prime factors of 110349?
3, 61, 67
What are the prime factors of 14723109?
3, 31, 113, 467
List the prime factors of 65879.
11, 53, 113
What are the prime factors of 3056652?
2, 3, 197, 431
What are the prime factors of 2809396?
2, 702349
What are the prime factors of 24696028?
2, 7, 107, 8243
What are the prime factors of 987927?
3, 329309
List the prime factors of 14150525.
5, 47, 12043
List the prime factors of 400451.
37, 79, 137
What are the prime factors of 2119943?
7, 43, 7043
List the prime factors of 23166.
2, 3, 11, 13
List the prime factors of 90599.
90599
What are the prime factors of 5933411?
11, 539401
List the prime factors of 50153.
50153
List the prime factors of 1505709.
3, 29, 641
List the prime factors of 3112620.
2, 3, 5, 7, 7411
List the prime factors of 241097.
53, 4549
List the prime factors of 95394.
2, 3, 13, 1223
What are the prime factors of 2071725?
3, 5, 23, 1201
What are the prime factors of 2319793?
7, 331399
List the prime factors of 4332907.
4332907
List the prime factors of 173074.
2, 11, 7867
What are the prime factors of 6046272?
2, 3, 3499
List the prime factors of 365871.
3, 11, 11087
List the prime factors of 576787.
576787
What are the prime factors of 879587?
89, 9883
List the prime factors of 29046185.
5, 7, 691, 1201
List the prime factors of 11470255.
5, 2294051
List the prime factors of 21829247.
11, 223, 809
List the prime factors of 571242.
2, 3, 7, 29, 67
What are the prime factors of 2122810?
2, 5, 212281
List the prime factors of 318173.
318173
What are the prime factors of 5280578?
2, 2640289
List the prime factors of 484379.
7, 69197
What are the prime factors of 55249?
55249
List the prime factors of 2942076.
2, 3, 245173
What are the prime factors of 1568569?
31, 50599
List the prime factors of 18698704.
2, 31, 37699
What are the prime factors of 163039?
19, 8581
List the prime factors of 10327.
23, 449
What are the prime factors of 882756?
2, 3, 7, 31, 113
List the prime factors of 562588.
2, 13, 31, 349
What are the prime factors of 3101710?
2, 5, 37, 83, 101
What are the prime factors of 666993?
3, 223, 997
List the prime factors of 368449.
607
What are the prime factors of 498367?
498367
List the prime factors of 11980965.
3, 5, 263, 3037
List the prime factors of 350885.
5, 70177
List the prime factors of 6748119.
3, 7, 43, 47, 53
List the prime factors of 131250.
2, 3, 5, 7
List the prime factors of 520409.
520409
List the prime factors of 216184.
2, 61, 443
List the prime factors of 544122.
2, 3, 19, 37, 43
What are the prime factors of 3641640?
2, 3, 5, 30347
List the prime factors of 8752499.
7, 1250357
List the prime factors of 651521.
13, 23, 2179
What are the prime factors of 4964427?
3, 13, 151, 281
List the prime factors of 3955730.
2, 5, 17, 23269
What are the prime factors of 3339842?
2, 11, 37, 373
List the prime factors of 230748.
2, 3, 7, 41, 67
What are the prime factors of 328968?
2, 3, 1523
List the prime factors of 12224154.
2, 3, 317, 6427
What are the prime factors of 2252028?
2, 3, 187669
List the prime factors of 157245.
3, 5, 11, 953
List the prime factors of 6055263.
3, 137, 1637
List the prime factors of 13904286.
2, 3, 11, 210671
What are the prime factors of 11915060?
2, 5, 73, 8161
What are the prime factors of 6549851?
7, 11, 19, 37
List the prime factors of 67336.
2, 19, 443
What are the prime factors of 1048640?
2, 5, 29, 113
List the prime factors of 1395187.
1395187
List the prime factors of 98350.
2, 5, 7, 281
List the prime factors of 29330982.
2, 3, 193, 8443
List the prime factors of 96014.
2, 61, 787
List the prime factors of 6574353.
3, 2191451
What are the prime factors of 23678556?
2, 3, 11, 179383
List the prime factors of 1377851.
1377851
What are the prime factors of 163288?
2, 20411
List the prime factors of 365152.
2, 11411
List the prime factors of 503168.
2, 3931
List the prime factors of 35993660.
2, 5, 61, 163, 181
What are the prime factors of 4901569?
199, 24631
List the prime factors of 16956.
2, 3, 157
List the prime factors of 131991.
3, 43997
List the prime factors of 277050.
2, 3, 5, 1847
What are the prime factors of 340963?
7, 67, 727
List the prime factors of 187018.
2, 13, 7193
List the prime factors of 6408307.
239, 26813
List the prime factors of 30395958.
2, 3, 109, 46477
List the prime factors of 2102795.
5, 67